{"id":20,"date":"2023-09-23T16:50:11","date_gmt":"2023-09-23T14:50:11","guid":{"rendered":"http:\/\/lukasinski.dg.pl\/?page_id=20"},"modified":"2023-09-23T17:10:06","modified_gmt":"2023-09-23T15:10:06","slug":"patron","status":"publish","type":"page","link":"https:\/\/lukasinski.dg.pl\/?page_id=20","title":{"rendered":"Patron"},"content":{"rendered":"\n<p class=\"has-text-align-center\"><strong>WALERIAN \u0141UKASI\u0143SKI<\/strong><\/p>\n\n\n\n<p class=\"has-text-align-center\">M\u0119czennik sprawy narodowej. Tajny wi\u0119zie\u0144 podleg\u0142y bezpo\u015brednio Kancelarii Osobistej Jego Cesarskiej Mo\u015bci, twardo odmawiaj\u0105cej nie tylko wolno\u015bci ale i przez d\u0142ugie lata ul\u017cenia jego doli. Przez 46 lat by\u0142 zamkni\u0119ty w r\u00f3\u017cnych wi\u0119zieniach i twierdzach, w tym 37 lat w kazamatach najstraszniejszego wi\u0119zienia carskiej Rosji przewidzianego dla najniebezpieczniejszych przest\u0119pc\u00f3w i wrog\u00f3w caratu \u2013 twierdzy Szlisserburskiej!<\/p>\n\n\n\n<p class=\"has-text-align-center\">Urodzi\u0142 si\u0119 w 1786 roku w Warszawie, w rodzinie drobnego szlachcica. W 1807 roku, jako m\u0142ody wykszta\u0142cony cz\u0142owiek (zna\u0142 j\u0119zyk francuski i niemiecki) zaci\u0105gn\u0105\u0142 si\u0119 ochotniczo do batalionu strzelc\u00f3w pieszych. Kampani\u0119 1807 r. przeciw Prusom i Rosji odby\u0142 w II legii gen. Zaj\u0105czka i w 1808 r. awansowa\u0142 na podporucznika. Podczas wojny z Austrii w 1809 r. walczy\u0142 W 6 Pu\u0142ku Piechoty armii Ksi\u0119stwa Warszawskiego (odznaczy\u0142 si\u0119 pod Raszynem \u2013 awans na porucznika otrzyma\u0142 z r\u0105k ksi\u0119cia J\u00f3zefa Poniatowskiego). Tam te\u017c mia\u0142 pierwsze kontakty z masoneri\u0105. W 1811 r. wst\u0119puje do lo\u017cy WOLNO\u015a\u0106 ODZYSKANA skupiaj\u0105cej w swoich szeregach wielu \u015bwiat\u0142ych ludzi, m\u0142odych patriot\u00f3w i innych, kt\u00f3rym nieoboj\u0119tna by\u0142a sprawa Polski niepodleg\u0142ej. W trakcie kampanii Saskiej w 1813 r. dosta\u0142 si\u0119 do niewoli austriackiej.<\/p>\n\n\n\n<p class=\"has-text-align-center\">W 1814 r., po abdykacji Napoleona i utworzeniu Kr\u00f3lestwa Polskiego zg\u0142asza si\u0119 do s\u0142u\u017cby w wojsku polskim i zostaje kapitanem 4 Pu\u0142ku Piechoty liniowej (popularnie \u201eCzwartacy\u201d). Bardzo szybko zdoby\u0142 sobie powa\u017canie w pu\u0142ku i szacunek w\u015br\u00f3d \u017co\u0142nierzy p\u0119dzi\u0107 \u017cycie skromnego oficera. W 1816 r. awansuje na majora. W tych latach, w Warszawie, nawi\u0105za\u0142 kontakt z najwybitniejszymi przedstawicielami polskiego wolnomularstwa. Jako m\u0142ody oficer zabiera\u0142 g\u0142os w wielu r\u00f3\u017cnych sprawach spo\u0142ecznych, m.in. w sprawie \u017cyd\u00f3w i w\u0142o\u015bcian walcz\u0105c o popraw\u0119 ich losu. Patrz\u0105c z pozycji oficera wojska polskiego na panuj\u0105ce w\u00f3wczas bezprawie, bierze w swoje r\u0119ce organizacj\u0119 ruchu narodowego, aby \u201epodnie\u015b\u0107 ducha w Polakach\u201d. Jako teren dzia\u0142ania wybiera wolnomularstwo \u2013 organizacj\u0119 p\u00f3\u0142tajn\u0105, grupuj\u0105c\u0105 wielu \u015bwiat\u0142ych ludzi, przy czym d\u0105\u017cy\u0142 do nadania tre\u015bci narodowych tej organizacji.<\/p>\n\n\n\n<p class=\"has-text-align-center\">W 1819 roku tworzy WOLNOMULARSTWO NARODOWE i zostaje \u201ePrzewielebnym Mistrzem Katedry\u201d. Zak\u0142ada filie lo\u017cy w wielu miastach Kr\u00f3lestwa Polskiego. W warszawskiej lo\u017cy by\u0142o 33 cz\u0142onk\u00f3w (m.in. m\u0142ody kapitan artylerii, bardzo ceniony przez \u0141ukasi\u0144skiego \u2013 J\u00f3zef Bem). Ju\u017c w 1820 roku zmiana stosunku Cara Aleksandra I do masonerii zmusza \u0141ukasi\u0144skiego do rozwi\u0105zania lo\u017cy. Ale ju\u017c rok p\u00f3\u017aniej tworzy Towarzystwo Patriotyczne \u2013 organizacj\u0119 tajn\u0105, skupiaj\u0105c\u0105 cz\u0142onk\u00f3w rozwi\u0105zanego Wolnomularstwa Narodowego. Zadaniem Towarzystwa Patriotycznego by\u0142o odzyskanie niepodleg\u0142o\u015bci przy zjednoczeniu z Kr\u00f3lestwem by\u0142ych ziem Rzeczypospolitej. Nied\u0142ugo jednak trwa\u0142a dzia\u0142alno\u015b\u0107 Towarzystwa Patriotycznego. Urz\u0119dowe zamkni\u0119cie l\u00f3\u017c, \u015bledzenie ich cz\u0142onk\u00f3w przez policj\u0119 oraz aktywna dzia\u0142alno\u015b\u0107 inkwizytora carskiego w Kr\u00f3lestwie \u2013 Nowosilcowa doprowadzi\u0142a w 1822 r. do aresztowania \u0141ukasi\u0144skiego. Przez prawie dwa lata poddawany badaniom, bra\u0142 wszystkie zarzuty na siebie i obra\u0142 taktyk\u0119 pomniejszania roli Towarzystwa Patriotycznego i Wolnomularstwa Narodowego.<\/p>\n\n\n\n<p class=\"has-text-align-center\">14.VI.1824 S\u0105d Wojenny skazuje go na 9 lat ci\u0119\u017ckiego wi\u0119zienia. 2.X.1824 r. odby\u0142a si\u0119 uroczysta egzekucja. Zawieziono \u0141ukasi\u0144skiego w otwartym furgonie do obozu wojskowego na rogatkach miasta. W czworoboku \u017co\u0142nierzy polskich i rosyjskich otoczonych milcz\u0105cym t\u0142umem kat zerwa\u0142 \u0141ukasi\u0144skiemu szlify, z\u0142ama\u0142 nad g\u0142ow\u0105 szpad\u0119. Zdarto z niego mundur i ubrano w str\u00f3j wi\u0119zienny, zgolono g\u0142ow\u0119 i zakuto w 10-kilogramowe kajdany. Nast\u0119pnie wraz z innymi skaza\u0144cami musia\u0142 pcha\u0107 przed frontem wojska taczki. Patrzy\u0142 prosto w oczy mijanym oficerom i \u017co\u0142nierzom \u2013 bardzo wielu p\u0142aka\u0142o. Po egzekucji natychmiast zawieziono go do twierdzy w Zamo\u015bciu. Tam za organizacj\u0119 buntu zostaje skazany na kar\u0119 cielesn\u0105 i przed\u0142u\u017cenie wi\u0119zienia do lat 14.<\/p>\n\n\n\n<p class=\"has-text-align-center\">W noc listopadow\u0105 prze\u017cywa tragedi\u0119. Powsta\u0144cze oddzia\u0142y, nie wiedz\u0105c o jego obecno\u015bci w stolicy (dalsze przes\u0142uchania) przechodz\u0105 pod oknami celi, w kt\u00f3rej by\u0142 wi\u0119ziony. Uciekaj\u0105ce z Warszawy oddzia\u0142y rosyjskie wywo\u017c\u0105 go i zostaje wtr\u0105cony do lochu w twierdzy Szlisserburskiej. Tam przetrzymywany jest 30 lat na ubitej ziemi, w ca\u0142kowitej izolacji od \u015bwiata zewn\u0119trznego i innych wi\u0119\u017ani\u00f3w. Pod sam koniec \u017cycia ul\u017cono jego doli, przenosz\u0105c go do wi\u0119zienia na g\u00f3rnych pi\u0119trach twierdzy. Tu mo\u017ce ju\u017c czyta\u0107 i pisa\u0107. Zaprzyja\u017ania si\u0119 z rodzin\u0105 komendanta. Napisa\u0142 pami\u0119tniki pe\u0142ne racjonalnych analiz minionych lat, powstania listopadowego, post\u0119powania car\u00f3w. Ten g\u0142\u0119boko patriotyczny pami\u0119tnik napisa\u0142 cz\u0142owiek odci\u0119ty przez 40 lat od \u017cycia zewn\u0119trznego, z dala od ojczyzny.<\/p>\n\n\n\n<p class=\"has-text-align-center\">Zmar\u0142 27 lutego 1868 roku.<\/p>\n","protected":false},"excerpt":{"rendered":"<p>WALERIAN \u0141UKASI\u0143SKI M\u0119czennik sprawy narodowej. Tajny wi\u0119zie\u0144 podleg\u0142y bezpo\u015brednio Kancelarii Osobistej Jego Cesarskiej Mo\u015bci, twardo odmawiaj\u0105cej nie tylko wolno\u015bci ale i przez d\u0142ugie lata ul\u017cenia&hellip;<\/p>\n","protected":false},"author":1,"featured_media":0,"parent":0,"menu_order":0,"comment_status":"closed","ping_status":"closed","template":"","meta":{"footnotes":""},"class_list":["post-20","page","type-page","status-publish","hentry"],"_links":{"self":[{"href":"https:\/\/lukasinski.dg.pl\/index.php?rest_route=\/wp\/v2\/pages\/20","targetHints":{"allow":["GET"]}}],"collection":[{"href":"https:\/\/lukasinski.dg.pl\/index.php?rest_route=\/wp\/v2\/pages"}],"about":[{"href":"https:\/\/lukasinski.dg.pl\/index.php?rest_route=\/wp\/v2\/types\/page"}],"author":[{"embeddable":true,"href":"https:\/\/lukasinski.dg.pl\/index.php?rest_route=\/wp\/v2\/users\/1"}],"replies":[{"embeddable":true,"href":"https:\/\/lukasinski.dg.pl\/index.php?rest_route=%2Fwp%2Fv2%2Fcomments&post=20"}],"version-history":[{"count":2,"href":"https:\/\/lukasinski.dg.pl\/index.php?rest_route=\/wp\/v2\/pages\/20\/revisions"}],"predecessor-version":[{"id":96,"href":"https:\/\/lukasinski.dg.pl\/index.php?rest_route=\/wp\/v2\/pages\/20\/revisions\/96"}],"wp:attachment":[{"href":"https:\/\/lukasinski.dg.pl\/index.php?rest_route=%2Fwp%2Fv2%2Fmedia&parent=20"}],"curies":[{"name":"wp","href":"https:\/\/api.w.org\/{rel}","templated":true}]}}