{"id":2064,"date":"2025-09-04T13:12:18","date_gmt":"2025-09-04T11:12:18","guid":{"rendered":"https:\/\/lukasinski.dg.pl\/?page_id=2064"},"modified":"2025-09-05T09:17:27","modified_gmt":"2025-09-05T07:17:27","slug":"druki-do-pobrania","status":"publish","type":"page","link":"https:\/\/lukasinski.dg.pl\/?page_id=2064","title":{"rendered":"Druki do pobrania"},"content":{"rendered":"\n<p><strong>Zwolnienie z zaj\u0119\u0107 wychowania fizycznego:<\/strong><\/p>\n\n\n\n<p><a href=\"http:\/\/lukasinski.dg.pl\/wp-content\/uploads\/2025\/09\/podanie-o-zwolnienie-z-zajec-WF.pdf\">Podanie o zwolnienie<\/a><\/p>\n\n\n\n<p><a href=\"http:\/\/lukasinski.dg.pl\/wp-content\/uploads\/2025\/09\/Oswiadczenie-o-rezygnacji-z-zajec-WF.pdf\">O\u015bwiadczenie<\/a><\/p>\n\n\n\n<p><strong>Religia:<\/strong><\/p>\n\n\n\n<p><a href=\"http:\/\/lukasinski.dg.pl\/wp-content\/uploads\/2025\/09\/Deklaracja-udzialu-na-zajeciach-religii.pdf\">Deklaracja udzia\u0142u w zaj\u0119ciach religii<\/a><\/p>\n\n\n\n<p><a href=\"http:\/\/lukasinski.dg.pl\/wp-content\/uploads\/2025\/09\/Rezygnacja-z-udzialu-na-zajeciach-religii.pdf\">Rezygnacja z udzia\u0142u w zaj\u0119ciach religii<\/a><\/p>\n\n\n\n<p><a href=\"http:\/\/lukasinski.dg.pl\/wp-content\/uploads\/2025\/09\/Oswiadczenie-religia.pdf\">O\u015bwiadczenie rodzica<\/a><\/p>\n","protected":false},"excerpt":{"rendered":"<p>Zwolnienie z zaj\u0119\u0107 wychowania fizycznego: Podanie o zwolnienie O\u015bwiadczenie Religia: Deklaracja udzia\u0142u w zaj\u0119ciach religii Rezygnacja z udzia\u0142u w zaj\u0119ciach religii O\u015bwiadczenie rodzica<\/p>\n","protected":false},"author":1,"featured_media":0,"parent":0,"menu_order":0,"comment_status":"closed","ping_status":"closed","template":"","meta":{"footnotes":""},"class_list":["post-2064","page","type-page","status-publish","hentry"],"_links":{"self":[{"href":"https:\/\/lukasinski.dg.pl\/index.php?rest_route=\/wp\/v2\/pages\/2064","targetHints":{"allow":["GET"]}}],"collection":[{"href":"https:\/\/lukasinski.dg.pl\/index.php?rest_route=\/wp\/v2\/pages"}],"about":[{"href":"https:\/\/lukasinski.dg.pl\/index.php?rest_route=\/wp\/v2\/types\/page"}],"author":[{"embeddable":true,"href":"https:\/\/lukasinski.dg.pl\/index.php?rest_route=\/wp\/v2\/users\/1"}],"replies":[{"embeddable":true,"href":"https:\/\/lukasinski.dg.pl\/index.php?rest_route=%2Fwp%2Fv2%2Fcomments&post=2064"}],"version-history":[{"count":3,"href":"https:\/\/lukasinski.dg.pl\/index.php?rest_route=\/wp\/v2\/pages\/2064\/revisions"}],"predecessor-version":[{"id":2089,"href":"https:\/\/lukasinski.dg.pl\/index.php?rest_route=\/wp\/v2\/pages\/2064\/revisions\/2089"}],"wp:attachment":[{"href":"https:\/\/lukasinski.dg.pl\/index.php?rest_route=%2Fwp%2Fv2%2Fmedia&parent=2064"}],"curies":[{"name":"wp","href":"https:\/\/api.w.org\/{rel}","templated":true}]}}