{"id":2393,"date":"2025-10-05T15:03:24","date_gmt":"2025-10-05T13:03:24","guid":{"rendered":"https:\/\/lukasinski.dg.pl\/?page_id=2393"},"modified":"2025-11-20T11:16:30","modified_gmt":"2025-11-20T10:16:30","slug":"jubileusz-125-lecia","status":"publish","type":"page","link":"https:\/\/lukasinski.dg.pl\/?page_id=2393","title":{"rendered":"Jubileusz 125-lecia"},"content":{"rendered":"\n<p class=\"has-text-align-center\"><strong>LISTY GRATULACYJNE<\/strong><\/p>\n\n\n\n<figure class=\"wp-block-gallery has-nested-images columns-default is-cropped wp-block-gallery-1 is-layout-flex wp-block-gallery-is-layout-flex\">\n<figure class=\"wp-block-image size-large\"><img loading=\"lazy\" decoding=\"async\" width=\"707\" height=\"1024\" data-id=\"2547\" src=\"https:\/\/lukasinski.dg.pl\/wp-content\/uploads\/2025\/11\/IMG_7377-707x1024.jpg\" alt=\"\" class=\"wp-image-2547\" srcset=\"https:\/\/lukasinski.dg.pl\/wp-content\/uploads\/2025\/11\/IMG_7377-707x1024.jpg 707w, https:\/\/lukasinski.dg.pl\/wp-content\/uploads\/2025\/11\/IMG_7377-207x300.jpg 207w, https:\/\/lukasinski.dg.pl\/wp-content\/uploads\/2025\/11\/IMG_7377-768x1112.jpg 768w, https:\/\/lukasinski.dg.pl\/wp-content\/uploads\/2025\/11\/IMG_7377-1061x1536.jpg 1061w, https:\/\/lukasinski.dg.pl\/wp-content\/uploads\/2025\/11\/IMG_7377-1414x2048.jpg 1414w, https:\/\/lukasinski.dg.pl\/wp-content\/uploads\/2025\/11\/IMG_7377-scaled.jpg 1768w\" sizes=\"auto, (max-width: 707px) 100vw, 707px\" \/><\/figure>\n\n\n\n<figure class=\"wp-block-image size-large\"><img loading=\"lazy\" decoding=\"async\" width=\"695\" height=\"1024\" data-id=\"2549\" src=\"https:\/\/lukasinski.dg.pl\/wp-content\/uploads\/2025\/11\/IMG_7375-695x1024.jpg\" alt=\"\" class=\"wp-image-2549\" srcset=\"https:\/\/lukasinski.dg.pl\/wp-content\/uploads\/2025\/11\/IMG_7375-695x1024.jpg 695w, https:\/\/lukasinski.dg.pl\/wp-content\/uploads\/2025\/11\/IMG_7375-204x300.jpg 204w, https:\/\/lukasinski.dg.pl\/wp-content\/uploads\/2025\/11\/IMG_7375-768x1131.jpg 768w, https:\/\/lukasinski.dg.pl\/wp-content\/uploads\/2025\/11\/IMG_7375-1043x1536.jpg 1043w, https:\/\/lukasinski.dg.pl\/wp-content\/uploads\/2025\/11\/IMG_7375-1390x2048.jpg 1390w, https:\/\/lukasinski.dg.pl\/wp-content\/uploads\/2025\/11\/IMG_7375-scaled.jpg 1738w\" sizes=\"auto, (max-width: 695px) 100vw, 695px\" \/><\/figure>\n\n\n\n<figure class=\"wp-block-image size-large\"><img loading=\"lazy\" decoding=\"async\" width=\"726\" height=\"1024\" data-id=\"2550\" src=\"https:\/\/lukasinski.dg.pl\/wp-content\/uploads\/2025\/11\/IMG_7373-726x1024.jpg\" alt=\"\" class=\"wp-image-2550\" srcset=\"https:\/\/lukasinski.dg.pl\/wp-content\/uploads\/2025\/11\/IMG_7373-726x1024.jpg 726w, https:\/\/lukasinski.dg.pl\/wp-content\/uploads\/2025\/11\/IMG_7373-213x300.jpg 213w, https:\/\/lukasinski.dg.pl\/wp-content\/uploads\/2025\/11\/IMG_7373-768x1083.jpg 768w, https:\/\/lukasinski.dg.pl\/wp-content\/uploads\/2025\/11\/IMG_7373-1090x1536.jpg 1090w, https:\/\/lukasinski.dg.pl\/wp-content\/uploads\/2025\/11\/IMG_7373-1453x2048.jpg 1453w, https:\/\/lukasinski.dg.pl\/wp-content\/uploads\/2025\/11\/IMG_7373-scaled.jpg 1816w\" sizes=\"auto, (max-width: 726px) 100vw, 726px\" \/><\/figure>\n\n\n\n<figure class=\"wp-block-image size-large\"><img loading=\"lazy\" decoding=\"async\" width=\"564\" height=\"800\" data-id=\"2546\" src=\"https:\/\/lukasinski.dg.pl\/wp-content\/uploads\/2025\/11\/IMG_7381.jpg\" alt=\"\" class=\"wp-image-2546\" srcset=\"https:\/\/lukasinski.dg.pl\/wp-content\/uploads\/2025\/11\/IMG_7381.jpg 564w, https:\/\/lukasinski.dg.pl\/wp-content\/uploads\/2025\/11\/IMG_7381-212x300.jpg 212w\" sizes=\"auto, (max-width: 564px) 100vw, 564px\" \/><\/figure>\n\n\n\n<figure class=\"wp-block-image size-large\"><img loading=\"lazy\" decoding=\"async\" width=\"558\" height=\"800\" data-id=\"2548\" src=\"https:\/\/lukasinski.dg.pl\/wp-content\/uploads\/2025\/11\/IMG_7379.jpg\" alt=\"\" class=\"wp-image-2548\" srcset=\"https:\/\/lukasinski.dg.pl\/wp-content\/uploads\/2025\/11\/IMG_7379.jpg 558w, https:\/\/lukasinski.dg.pl\/wp-content\/uploads\/2025\/11\/IMG_7379-209x300.jpg 209w\" sizes=\"auto, (max-width: 558px) 100vw, 558px\" \/><\/figure>\n<\/figure>\n\n\n\n<figure class=\"wp-block-embed aligncenter is-type-wp-embed is-provider-bo-jak-nie-my-to-kto wp-block-embed-bo-jak-nie-my-to-kto\"><div class=\"wp-block-embed__wrapper\">\n<blockquote class=\"wp-embedded-content\" data-secret=\"GvJxs8j0E6\"><a href=\"https:\/\/lukasinski.dg.pl\/?p=2515\">Jubileusz 125-lecia Szko\u0142y i Zjazd Absolwent\u00f3w I Liceum Og\u00f3lnokszta\u0142c\u0105cego im. Waleriana \u0141ukasi\u0144skiego w D\u0105browie G\u00f3rniczej<\/a><\/blockquote><iframe loading=\"lazy\" class=\"wp-embedded-content\" sandbox=\"allow-scripts\" security=\"restricted\" style=\"position: absolute; visibility: hidden;\" title=\"&#8222;Jubileusz 125-lecia Szko\u0142y i Zjazd Absolwent\u00f3w I Liceum Og\u00f3lnokszta\u0142c\u0105cego im. Waleriana \u0141ukasi\u0144skiego w D\u0105browie G\u00f3rniczej&#8221; &#8212; BO JAK NIE MY TO KTO?\" src=\"https:\/\/lukasinski.dg.pl\/?p=2515&#038;embed=true#?secret=DTfjpiCCEf#?secret=GvJxs8j0E6\" data-secret=\"GvJxs8j0E6\" width=\"600\" height=\"338\" frameborder=\"0\" marginwidth=\"0\" marginheight=\"0\" scrolling=\"no\"><\/iframe>\n<\/div><\/figure>\n\n\n<div class=\"wp-block-image\">\n<figure class=\"aligncenter size-full is-resized\"><img loading=\"lazy\" decoding=\"async\" width=\"878\" height=\"495\" src=\"https:\/\/lukasinski.dg.pl\/wp-content\/uploads\/2025\/10\/image-3.png\" alt=\"\" class=\"wp-image-2462\" style=\"width:530px;height:auto\" srcset=\"https:\/\/lukasinski.dg.pl\/wp-content\/uploads\/2025\/10\/image-3.png 878w, https:\/\/lukasinski.dg.pl\/wp-content\/uploads\/2025\/10\/image-3-300x169.png 300w, https:\/\/lukasinski.dg.pl\/wp-content\/uploads\/2025\/10\/image-3-768x433.png 768w\" sizes=\"auto, (max-width: 878px) 100vw, 878px\" \/><\/figure>\n<\/div>\n\n\n<p class=\"has-text-align-center\"><a href=\"https:\/\/zrzutka.pl\/e7s8td\">https:\/\/zrzutka.pl\/e7s8td<\/a><\/p>\n\n\n<div class=\"wp-block-image\">\n<figure class=\"aligncenter size-large is-resized\"><img loading=\"lazy\" decoding=\"async\" width=\"724\" height=\"1024\" src=\"https:\/\/lukasinski.dg.pl\/wp-content\/uploads\/2025\/10\/tmp_543f32f6-f09c-4e14-8dd2-ab156561499f-1086x1536-1-724x1024.jpeg\" alt=\"\" class=\"wp-image-2397\" style=\"width:637px;height:auto\" srcset=\"https:\/\/lukasinski.dg.pl\/wp-content\/uploads\/2025\/10\/tmp_543f32f6-f09c-4e14-8dd2-ab156561499f-1086x1536-1-724x1024.jpeg 724w, https:\/\/lukasinski.dg.pl\/wp-content\/uploads\/2025\/10\/tmp_543f32f6-f09c-4e14-8dd2-ab156561499f-1086x1536-1-212x300.jpeg 212w, https:\/\/lukasinski.dg.pl\/wp-content\/uploads\/2025\/10\/tmp_543f32f6-f09c-4e14-8dd2-ab156561499f-1086x1536-1-768x1086.jpeg 768w, https:\/\/lukasinski.dg.pl\/wp-content\/uploads\/2025\/10\/tmp_543f32f6-f09c-4e14-8dd2-ab156561499f-1086x1536-1.jpeg 1086w\" sizes=\"auto, (max-width: 724px) 100vw, 724px\" \/><\/figure>\n<\/div>\n\n\n<ul class=\"wp-block-list\">\n<li><a href=\"http:\/\/lukasinski.dg.pl\/wp-content\/uploads\/2025\/09\/REGULAMIN-JUBILEUSZ-125-lecia-szkoly-i-ZJAZD-ABSOLWENTOW-2025-1.pdf\">Regulamin jubileuszu<\/a><\/li>\n\n\n\n<li><a href=\"http:\/\/lukasinski.dg.pl\/wp-content\/uploads\/2025\/09\/PROGRAM-JUBILEUSZ-125-lecia-szkoly-i-ZJAZD-ABSOLWENTOW-2025-1.pdf\">Program jubileuszu<\/a><\/li>\n\n\n\n<li><a href=\"http:\/\/lukasinski.dg.pl\/wp-content\/uploads\/2025\/09\/2025_11_15-MENU-JUBILEUSZ-125-lecia-szkoly-i-Zjazd-Absolwentow-2.pdf\">Menu<\/a><\/li>\n<\/ul>\n\n\n\n<hr class=\"wp-block-separator has-alpha-channel-opacity\"\/>\n\n\n\n<p class=\"has-text-align-center\"><a href=\"https:\/\/maps.app.goo.gl\/jpa879sxGj9GRo7p6\">Parking dla go\u015bci &#8211; mapa dojazdu<\/a><\/p>\n\n\n<div class=\"wp-block-image\">\n<figure class=\"aligncenter size-large is-resized\"><img loading=\"lazy\" decoding=\"async\" width=\"1024\" height=\"768\" src=\"http:\/\/lukasinski.dg.pl\/wp-content\/uploads\/2025\/10\/Multimedia-3-1024x768.jpg\" alt=\"\" class=\"wp-image-2434\" style=\"width:435px;height:auto\" srcset=\"https:\/\/lukasinski.dg.pl\/wp-content\/uploads\/2025\/10\/Multimedia-3-1024x768.jpg 1024w, https:\/\/lukasinski.dg.pl\/wp-content\/uploads\/2025\/10\/Multimedia-3-300x225.jpg 300w, https:\/\/lukasinski.dg.pl\/wp-content\/uploads\/2025\/10\/Multimedia-3-768x576.jpg 768w, https:\/\/lukasinski.dg.pl\/wp-content\/uploads\/2025\/10\/Multimedia-3-1536x1152.jpg 1536w, https:\/\/lukasinski.dg.pl\/wp-content\/uploads\/2025\/10\/Multimedia-3.jpg 1770w\" sizes=\"auto, (max-width: 1024px) 100vw, 1024px\" \/><\/figure>\n<\/div>\n\n\n<hr class=\"wp-block-separator has-alpha-channel-opacity\"\/>\n\n\n<div class=\"wp-block-image\">\n<figure class=\"aligncenter size-large is-resized\"><img loading=\"lazy\" decoding=\"async\" width=\"461\" height=\"1024\" src=\"http:\/\/lukasinski.dg.pl\/wp-content\/uploads\/2025\/10\/Multimedia-4-461x1024.jpg\" alt=\"\" class=\"wp-image-2435\" style=\"width:326px;height:auto\" srcset=\"https:\/\/lukasinski.dg.pl\/wp-content\/uploads\/2025\/10\/Multimedia-4-461x1024.jpg 461w, https:\/\/lukasinski.dg.pl\/wp-content\/uploads\/2025\/10\/Multimedia-4-135x300.jpg 135w, https:\/\/lukasinski.dg.pl\/wp-content\/uploads\/2025\/10\/Multimedia-4-768x1707.jpg 768w, https:\/\/lukasinski.dg.pl\/wp-content\/uploads\/2025\/10\/Multimedia-4-691x1536.jpg 691w, https:\/\/lukasinski.dg.pl\/wp-content\/uploads\/2025\/10\/Multimedia-4-922x2048.jpg 922w, https:\/\/lukasinski.dg.pl\/wp-content\/uploads\/2025\/10\/Multimedia-4.jpg 1080w\" sizes=\"auto, (max-width: 461px) 100vw, 461px\" \/><\/figure>\n<\/div>","protected":false},"excerpt":{"rendered":"<p>LISTY GRATULACYJNE https:\/\/zrzutka.pl\/e7s8td Parking dla go\u015bci &#8211; mapa dojazdu<\/p>\n","protected":false},"author":1,"featured_media":0,"parent":0,"menu_order":0,"comment_status":"closed","ping_status":"closed","template":"","meta":{"footnotes":""},"class_list":["post-2393","page","type-page","status-publish","hentry"],"_links":{"self":[{"href":"https:\/\/lukasinski.dg.pl\/index.php?rest_route=\/wp\/v2\/pages\/2393","targetHints":{"allow":["GET"]}}],"collection":[{"href":"https:\/\/lukasinski.dg.pl\/index.php?rest_route=\/wp\/v2\/pages"}],"about":[{"href":"https:\/\/lukasinski.dg.pl\/index.php?rest_route=\/wp\/v2\/types\/page"}],"author":[{"embeddable":true,"href":"https:\/\/lukasinski.dg.pl\/index.php?rest_route=\/wp\/v2\/users\/1"}],"replies":[{"embeddable":true,"href":"https:\/\/lukasinski.dg.pl\/index.php?rest_route=%2Fwp%2Fv2%2Fcomments&post=2393"}],"version-history":[{"count":10,"href":"https:\/\/lukasinski.dg.pl\/index.php?rest_route=\/wp\/v2\/pages\/2393\/revisions"}],"predecessor-version":[{"id":2551,"href":"https:\/\/lukasinski.dg.pl\/index.php?rest_route=\/wp\/v2\/pages\/2393\/revisions\/2551"}],"wp:attachment":[{"href":"https:\/\/lukasinski.dg.pl\/index.php?rest_route=%2Fwp%2Fv2%2Fmedia&parent=2393"}],"curies":[{"name":"wp","href":"https:\/\/api.w.org\/{rel}","templated":true}]}}