{"id":26,"date":"2023-09-23T16:51:16","date_gmt":"2023-09-23T14:51:16","guid":{"rendered":"http:\/\/lukasinski.dg.pl\/?page_id=26"},"modified":"2023-09-23T17:45:34","modified_gmt":"2023-09-23T15:45:34","slug":"indywidualny-tok-nauki-i-opieka","status":"publish","type":"page","link":"https:\/\/lukasinski.dg.pl\/?page_id=26","title":{"rendered":"Indywidualny tok nauki i opieka"},"content":{"rendered":"\n<p>Indywidualny tok nauki i Opieka mentorska<\/p>\n\n\n\n<p>Nasza szko\u0142a ch\u0119tnie umo\u017cliwia uczniom rozwijanie szczeg\u00f3lnych uzdolnie\u0144, zainteresowa\u0144 i pasji poprzez organizowanie indywidualnego toku nauki tzw. ITN-u oraz opieki mentorskiej.<\/p>\n\n\n\n<p>Indywidualny tok nauki<\/p>\n\n\n\n<p>Ucze\u0144 realizuj\u0105cy indywidualny program nauki kszta\u0142ci si\u0119 w zakresie jednego, kilku lub wszystkich obowi\u0105zuj\u0105cych zaj\u0119\u0107 edukacyjnych, przewidzianych w tygodniowym rozk\u0142adzie zaj\u0119\u0107 dla danej klasy, wed\u0142ug programu dostosowanego do jego uzdolnie\u0144 i zainteresowa\u0144. Ucze\u0144 obj\u0119ty takim nauczaniem mo\u017ce realizowa\u0107 w ci\u0105gu jednego roku szkolnego program nauczania z zakresu dw\u00f3ch lub wi\u0119cej klas i mo\u017ce by\u0107 klasyfikowany oraz promowany w czasie ca\u0142ego roku szkolnego.<\/p>\n\n\n\n<p><a href=\"https:\/\/www.lukasinski.pl\/indywidualny-tok-nauki-i-opieka-mentorska\/rozporzadzenie-w-sprawie-warunkow-i-trybu-udzielania-zezwolen-na-indywidualny-program-lub-tok-nauki\/\">Rozporz\u0105dzenie w sprawie warunk\u00f3w i trybu udzielania zezwole\u0144 na indywidualny program lub tok nauki<\/a><a href=\"https:\/\/www.lukasinski.pl\/wp-content\/uploads\/2018\/12\/Rozporz%C4%85dzenie-w-sprawie-warunk%C3%B3w-i-trybu-udzielania-zezwole%C5%84-na-indywidualny-program-lub-tok-nauki.pdf\">Pobierz<\/a><\/p>\n\n\n\n<p>Opieka mentorska<\/p>\n\n\n\n<p>Opieka mentorska to jedna z najefektywniejszych metod nauki inspirowana relacj\u0105 mistrz-ucze\u0144, w kt\u00f3rej mentor przyjmuje rol\u0119 do\u015bwiadczonego doradcy i konsultanta. Mentor bacznie przygl\u0105da si\u0119 post\u0119pom swojego podopiecznego, doradza, wskazuje najlepsze rozwi\u0105zania.<\/p>\n","protected":false},"excerpt":{"rendered":"<p>Indywidualny tok nauki i Opieka mentorska Nasza szko\u0142a ch\u0119tnie umo\u017cliwia uczniom rozwijanie szczeg\u00f3lnych uzdolnie\u0144, zainteresowa\u0144 i pasji poprzez organizowanie indywidualnego toku nauki tzw. ITN-u oraz&hellip;<\/p>\n","protected":false},"author":1,"featured_media":0,"parent":0,"menu_order":0,"comment_status":"closed","ping_status":"closed","template":"","meta":{"footnotes":""},"class_list":["post-26","page","type-page","status-publish","hentry"],"_links":{"self":[{"href":"https:\/\/lukasinski.dg.pl\/index.php?rest_route=\/wp\/v2\/pages\/26","targetHints":{"allow":["GET"]}}],"collection":[{"href":"https:\/\/lukasinski.dg.pl\/index.php?rest_route=\/wp\/v2\/pages"}],"about":[{"href":"https:\/\/lukasinski.dg.pl\/index.php?rest_route=\/wp\/v2\/types\/page"}],"author":[{"embeddable":true,"href":"https:\/\/lukasinski.dg.pl\/index.php?rest_route=\/wp\/v2\/users\/1"}],"replies":[{"embeddable":true,"href":"https:\/\/lukasinski.dg.pl\/index.php?rest_route=%2Fwp%2Fv2%2Fcomments&post=26"}],"version-history":[{"count":2,"href":"https:\/\/lukasinski.dg.pl\/index.php?rest_route=\/wp\/v2\/pages\/26\/revisions"}],"predecessor-version":[{"id":147,"href":"https:\/\/lukasinski.dg.pl\/index.php?rest_route=\/wp\/v2\/pages\/26\/revisions\/147"}],"wp:attachment":[{"href":"https:\/\/lukasinski.dg.pl\/index.php?rest_route=%2Fwp%2Fv2%2Fmedia&parent=26"}],"curies":[{"name":"wp","href":"https:\/\/api.w.org\/{rel}","templated":true}]}}