{"id":2933,"date":"2026-09-03T16:46:36","date_gmt":"2026-09-03T14:46:36","guid":{"rendered":"https:\/\/lukasinski.dg.pl\/?page_id=2933"},"modified":"2026-09-03T16:46:36","modified_gmt":"2026-09-03T14:46:36","slug":"przerwy-swiateczne","status":"publish","type":"page","link":"https:\/\/lukasinski.dg.pl\/?page_id=2933","title":{"rendered":"Przerwy \u015bwi\u0105teczne"},"content":{"rendered":"\n<p class=\"wp-block-paragraph\"><strong><u>Zimowa przerwa \u015awi\u0105teczna:<\/u><\/strong><\/p>\n\n\n\n<p class=\"wp-block-paragraph\"><strong>23- 31 grudzie\u0144 2026 r<\/strong><\/p>\n\n\n\n<p class=\"wp-block-paragraph\"><strong>I semestr do 07.02.2027 r.<\/strong><\/p>\n\n\n\n<p class=\"wp-block-paragraph\"><strong>II semestr od&nbsp; 08.02.2027 r.<\/strong><\/p>\n\n\n\n<p class=\"wp-block-paragraph\"><strong><u>Ferie zimowe<\/u><\/strong><\/p>\n\n\n\n<p class=\"wp-block-paragraph\"><strong>18.01.2027-31.01.2027 r.<\/strong><\/p>\n\n\n\n<p class=\"wp-block-paragraph\"><strong><u>Wiosenna przerwa \u015awi\u0105teczna<\/u><\/strong><\/p>\n\n\n\n<p class=\"wp-block-paragraph\"><strong>25-30 marca 2027 r .<\/strong><\/p>\n\n\n\n<p class=\"wp-block-paragraph\"><strong><u>Zako\u0144czenia klas IV<\/u><\/strong><\/p>\n\n\n\n<p class=\"wp-block-paragraph\"><strong>30 kwietnia 2027 r .<\/strong><\/p>\n\n\n\n<p class=\"wp-block-paragraph\"><strong><u>Egzamin maturalny<\/u><\/strong><\/p>\n\n\n\n<p class=\"wp-block-paragraph\"><strong>Terminy CKE<\/strong><\/p>\n\n\n\n<p class=\"wp-block-paragraph\"><strong><u>Zako\u0144czenie roku szkolnego<\/u><\/strong><\/p>\n\n\n\n<p class=\"wp-block-paragraph\"><strong>25 czerwca 2027 r.<\/strong><\/p>\n","protected":false},"excerpt":{"rendered":"<p>Zimowa przerwa \u015awi\u0105teczna: 23- 31 grudzie\u0144 2026 r I semestr do 07.02.2027 r. II semestr od&nbsp; 08.02.2027 r. Ferie zimowe 18.01.2027-31.01.2027 r. Wiosenna przerwa \u015awi\u0105teczna&hellip;<\/p>\n","protected":false},"author":1,"featured_media":0,"parent":0,"menu_order":0,"comment_status":"closed","ping_status":"closed","template":"","meta":{"_customify_content_layout":"","_customify_sidebar":"","_customify_page_header_display":"","_customify_disable_header":"","_customify_disable_header_top":"","_customify_disable_header_main":"","_customify_disable_header_bottom":"","_customify_disable_page_title":"","_customify_disable_content_vertical_padding":"","_customify_disable_footer_top":"","_customify_disable_footer_main":"","_customify_disable_footer_bottom":"","_customify_breadcrumb_display":"","_customify_header_transparent_display":"","footnotes":""},"class_list":["post-2933","page","type-page","status-publish","hentry"],"_links":{"self":[{"href":"https:\/\/lukasinski.dg.pl\/index.php?rest_route=\/wp\/v2\/pages\/2933","targetHints":{"allow":["GET"]}}],"collection":[{"href":"https:\/\/lukasinski.dg.pl\/index.php?rest_route=\/wp\/v2\/pages"}],"about":[{"href":"https:\/\/lukasinski.dg.pl\/index.php?rest_route=\/wp\/v2\/types\/page"}],"author":[{"embeddable":true,"href":"https:\/\/lukasinski.dg.pl\/index.php?rest_route=\/wp\/v2\/users\/1"}],"replies":[{"embeddable":true,"href":"https:\/\/lukasinski.dg.pl\/index.php?rest_route=%2Fwp%2Fv2%2Fcomments&post=2933"}],"version-history":[{"count":1,"href":"https:\/\/lukasinski.dg.pl\/index.php?rest_route=\/wp\/v2\/pages\/2933\/revisions"}],"predecessor-version":[{"id":2934,"href":"https:\/\/lukasinski.dg.pl\/index.php?rest_route=\/wp\/v2\/pages\/2933\/revisions\/2934"}],"wp:attachment":[{"href":"https:\/\/lukasinski.dg.pl\/index.php?rest_route=%2Fwp%2Fv2%2Fmedia&parent=2933"}],"curies":[{"name":"wp","href":"https:\/\/api.w.org\/{rel}","templated":true}]}}

Przerwy świąteczne

<p class="wp-block-paragraph"><strong><u>Zimowa przerwa Świąteczna:</u></strong></p>



<p class="wp-block-paragraph"><strong>23- 31 grudzień 2026 r</strong></p>



<p class="wp-block-paragraph"><strong>I semestr do 07.02.2027 r.</strong></p>



<p class="wp-block-paragraph"><strong>II semestr od&nbsp; 08.02.2027 r.</strong></p>



<p class="wp-block-paragraph"><strong><u>Ferie zimowe</u></strong></p>



<p class="wp-block-paragraph"><strong>18.01.2027-31.01.2027 r.</strong></p>



<p class="wp-block-paragraph"><strong><u>Wiosenna przerwa Świąteczna</u></strong></p>



<p class="wp-block-paragraph"><strong>25-30 marca 2027 r .</strong></p>



<p class="wp-block-paragraph"><strong><u>Zakończenia klas IV</u></strong></p>



<p class="wp-block-paragraph"><strong>30 kwietnia 2027 r .</strong></p>



<p class="wp-block-paragraph"><strong><u>Egzamin maturalny</u></strong></p>



<p class="wp-block-paragraph"><strong>Terminy CKE</strong></p>



<p class="wp-block-paragraph"><strong><u>Zakończenie roku szkolnego</u></strong></p>



<p class="wp-block-paragraph"><strong>25 czerwca 2027 r.</strong></p>

<p>Zimowa przerwa Świąteczna: 23- 31 grudzień 2026 r I semestr do 07.02.2027 r. II semestr od&nbsp; 08.02.2027 r. Ferie zimowe 18.01.2027-31.01.2027 r. Wiosenna przerwa Świąteczna&hellip;</p>
