{"id":563,"date":"2023-12-21T15:54:48","date_gmt":"2023-12-21T14:54:48","guid":{"rendered":"https:\/\/lukasinski.dg.pl\/?page_id=563"},"modified":"2024-01-04T09:06:59","modified_gmt":"2024-01-04T08:06:59","slug":"cykl-spotkan-autorskich","status":"publish","type":"page","link":"https:\/\/lukasinski.dg.pl\/?page_id=563","title":{"rendered":"Spotkania autorskie, lekcje biblioteczne i warsztaty"},"content":{"rendered":"\n<p class=\"has-text-align-center\">Spotkania autorskie w naszej&nbsp; szkole sta\u0142y si\u0119 ju\u017c tradycj\u0105. Jest to <strong>cykl spotka\u0144 z pisarzami, poetami, malarzami, lud\u017ami kultury naszego miasta i regionu. <\/strong>Spotkania autorskie s\u0105 aktywn\u0105 zach\u0119t\u0105 do czytania. Rozwijaj\u0105 wra\u017cliwo\u015b\u0107 uczni\u00f3w i&nbsp;upowszechniaj\u0105 szeroko poj\u0119t\u0105 kultur\u0119 j\u0119zyka. Uczniowie ch\u0119tniej si\u0119gaj\u0105 po ksi\u0105\u017ck\u0119, kt\u00f3rej autora bezpo\u015brednio poznali.&nbsp;<strong>Podczas spotka\u0144 m\u0142odzie\u017c ma r\u00f3wnie\u017c mo\u017cliwo\u015b\u0107 poznania warsztatu pisarskiego oraz inspiracji tw\u00f3rczych zaproszonych go\u015bci.<\/strong><\/p>\n\n\n\n<p class=\"has-text-align-center\">&nbsp;W ramach cyklu zaj\u0119\u0107 organizowanych przez bibliotek\u0119 szkoln\u0105 pod has\u0142em \u201eSpotkania z kultur\u0105\u201d 20 pa\u017adziernika br. go\u015bcili\u015bmy lokaln\u0105 poetk\u0119 pani\u0105 Ma\u0142gorzat\u0119 Gra\u017cyn\u0119 Korpikiewicz.&nbsp;M\u0142odzie\u017c pozna\u0142a tw\u00f3rczo\u015b\u0107 artystki: jej wiersze oraz przepi\u0119kne bajki. Dorobek poetki sta\u0142 si\u0119 inspiracj\u0105 do owocnej dyskusji na temat r\u00f3\u017cnorodno\u015bci wyrazu artystycznego.<\/p>\n\n\n\n<p class=\"has-text-align-center\"><strong>Lekcja biblioteczna on-line: \u201eKropla wody\u201d<\/strong><\/p>\n\n\n\n<p class=\"has-text-align-center\">Uczniowie klasy 2e 16 listopada uczestniczyli w zaj\u0119ciach on-line prowadzonych przez pracownika Wojew\u00f3dzkiej Biblioteki Pedagogicznej filia B\u0119dzin pt:: &#8222;Kropla WODY&#8221;. By\u0142y to zaj\u0119cia z zakresu edukacji globalnej. Ciekawa prezentacja multimedialna przedstawia sytuacj\u0119 na \u015bwiecie dotycz\u0105c\u0105 dost\u0119pu do czystej wody oraz omawia zmiany klimatyczne jakie zachodz\u0105 na naszych oczach.<\/p>\n\n\n\n<p class=\"has-text-align-center\"><strong>Lekcja biblioteczna \u017bydzi w Zag\u0142\u0119biu D\u0105browskim<\/strong><\/p>\n\n\n\n<p class=\"has-text-align-center\"><strong>w Miejskiej Bibliotece Publicznej w D\u0105browie G\u00f3rniczej<\/strong><br><br><\/p>\n\n\n\n<p class=\"has-text-align-center\">15 listopada 2023 r. m\u0142odzie\u017c naszego liceum uda\u0142a si\u0119 na lekcj\u0119 historia mniejszo\u015bci \u017cydowskiej do Miejskiej Biblioteki Publicznej w D\u0105browie G\u00f3rniczej, Losy tego narodu zosta\u0142y spisane na wielu kartach historii Polski i Zag\u0142\u0119bia.<\/p>\n\n\n\n<p class=\"has-text-align-center\"><strong>Festiwal Nauki \u2013 spotkanie z pracownikami kierunku informacja naukowa<br>i bibliotekoznawstwo Uniwersytetu \u015al\u0105skiego<\/strong><\/p>\n\n\n\n<p class=\"has-text-align-center\">W zwi\u0105zku z organizowanym w naszym liceum Festiwalem Nauki 09.11. 2023 r. go\u015bcili\u015bmy pracownik\u00f3w kierunku informacja naukowa i bibliotekoznawstwo Uniwersytetu \u015al\u0105skiego: kierownika kierunku, Pana dr. Karola Maklesa oraz koordynator ds. jako\u015bci&nbsp; kszta\u0142cenia, Pani\u0105 dr Ann\u0119 Matysek. Prelegenci przybli\u017cyli m\u0142odzie\u017cy charakterystyk\u0119 studi\u00f3w oraz perspektywy i mo\u017cliwo\u015bci zawodowe po uko\u0144czeniu nauki. Studenci kierunku informacja naukowa i bibliotekoznawstwo przyswajaj\u0105 wiedz\u0119 dotycz\u0105c\u0105 \u017ar\u00f3de\u0142 informacji, proces\u00f3w informacyjnych oraz zdobywaj\u0105 umiej\u0119tno\u015bci z zakresu pozyskiwania i przetwarzania informacji oraz tworzenia baz danych. Absolwent jest przygotowywany do pracy m. in. w: bibliotekach, wydawnictwach, centrach informacyjnych, plac\u00f3wkach kulturalnych i instytucjach o\u015bwiatowych, bankach oraz szeroko rozumianej bran\u017cy IT. Ten kierunek daje naprawd\u0119 dobre perspektywy zawodowe, o czym nasi uczniowie mogli przekona\u0107 si\u0119 podczas bardzo ciekawej prezentacji. Umiej\u0119tno\u015b\u0107&nbsp;wykorzystania technologii informacyjnych oraz nowoczesne&nbsp;techniki pracy umys\u0142owej najbardziej zaciekawi\u0142y m\u0142odzie\u017c, czego dowodem by\u0142o mn\u00f3stwo pyta\u0144 dotycz\u0105cych kszta\u0142towania rzeczywisto\u015bci informacyjnej.<\/p>\n\n\n\n<p class=\"has-text-align-center\"><strong>Lekcja biblioteczna on-line:<\/strong> <strong>&#8222;Jak czytanie wp\u0142ywa na m\u00f3zg?&#8221;<\/strong><em><\/em><\/p>\n\n\n\n<p class=\"has-text-align-center\"><em>27 pa\u017adziernika uczniowie klasy 1d uczestniczyli w wyj\u0105tkowych zaj\u0119ciach \u2013 wys\u0142uchali online wyk\u0142adu Magdaleny Durlety, pracownika&nbsp;<\/em>&nbsp;Pedagogicznej Biblioteki Wojew\u00f3dzkiej w Katowicach, Filii w B\u0119dzinie na temat \u201eJak czytanie wp\u0142ywa na m\u00f3zg<em>?\u201d&nbsp;po\u0142\u0105czonego z prezentacj\u0105 multimedialn\u0105<\/em>. Fakt, \u017ce czytanie ksi\u0105\u017cek ma wiele zalet, jest niezaprzeczalny. Jedn\u0105 z najwa\u017cniejszych jest udowodniony naukowo korzystny wp\u0142yw na rozw\u00f3j m\u00f3zgu.&nbsp;Czytanie usprawnia pami\u0119\u0107, rozwija mow\u0119 oraz inteligencj\u0119, a jednocze\u015bnie bardzo uwra\u017cliwia. Zatem: czytajmy!<\/p>\n\n\n\n<p class=\"has-text-align-center\"><strong>Podsumowanie akcji \u201ePojedynek ksi\u0105\u017cek\u201d<\/strong><\/p>\n\n\n<div class=\"wp-block-image\">\n<figure class=\"aligncenter size-full is-resized\"><img loading=\"lazy\" decoding=\"async\" width=\"466\" height=\"427\" src=\"https:\/\/lukasinski.dg.pl\/wp-content\/uploads\/2023\/12\/MicrosoftTeams-image-398.png\" alt=\"\" class=\"wp-image-572\" style=\"width:227px;height:auto\" srcset=\"https:\/\/lukasinski.dg.pl\/wp-content\/uploads\/2023\/12\/MicrosoftTeams-image-398.png 466w, https:\/\/lukasinski.dg.pl\/wp-content\/uploads\/2023\/12\/MicrosoftTeams-image-398-300x275.png 300w\" sizes=\"auto, (max-width: 466px) 100vw, 466px\" \/><\/figure>\n<\/div>\n\n\n<p class=\"has-text-align-center\">W pa\u017adzierniku w ramach Mi\u0119dzynarodowego Miesi\u0105ca Bibliotek Szkolnych<\/p>\n\n\n\n<p class=\"has-text-align-center\">odby\u0142 si\u0119 <strong>\u201ePOJEDYNEK KSI\u0104\u017bEK\u201d<\/strong>. Stan\u0119\u0142y do niego lektury szkolne kontra ksi\u0105\u017cki z beletrystki. Akcja mia\u0142a na celu nie tylko poznanie zainteresowa\u0144<\/p>\n\n\n\n<p class=\"has-text-align-center\">czytelniczych u\u017cytkownik\u00f3w, ale i zwr\u00f3cenie uwagi na mniej popularne, cho\u0107 r\u00f3wnie ciekawe ksi\u0105\u017cki znajduj\u0105ce si\u0119 w naszej bibliotece. Wydarzenie cieszy\u0142o si\u0119 du\u017cym zainteresowaniem, budz\u0105c w\u015br\u00f3d uczni\u00f3w sporo emocji.<\/p>\n\n\n\n<p class=\"has-text-align-center\">Po podliczeniu g\u0142os\u00f3w wyniki przedstawiaj\u0105 si\u0119 nast\u0119puj\u0105co:<\/p>\n\n\n\n<p class=\"has-text-align-center\"><strong><u>NAJLEPSZA SI\u00d3DEMKA:<\/u><\/strong><\/p>\n\n\n\n<p class=\"has-text-align-center\">1. miejsce &#8211; J.K. Rowling. Harry Potter<\/p>\n\n\n\n<p class=\"has-text-align-center\">2. miejsce &#8211; A. de Saint-Exup\u00e9ry. Ma\u0142y Ksi\u0105\u017c\u0119<\/p>\n\n\n\n<p class=\"has-text-align-center\">3. miejsce &#8211; G. Orwell. Rok 1984<\/p>\n\n\n\n<p class=\"has-text-align-center\">4. miejsce &#8211; J. Green. Gwiazd naszych wina<\/p>\n\n\n\n<p class=\"has-text-align-center\">5. miejsce &#8211; J.R.R. Tolkien. W\u0142adca pier\u015bcieni<\/p>\n\n\n\n<p class=\"has-text-align-center\">6. miejsce &#8211; E. E. Schmitt. Oskar i pani R\u00f3\u017ca<\/p>\n\n\n\n<p class=\"has-text-align-center\">7. miejsce \u2013 A. Sapkowski. Wied\u017amin<\/p>\n\n\n\n<p class=\"has-text-align-center\"><strong>Mi\u0119dzynarodowy Miesi\u0105c Bibliotek Szkolnych.<\/strong><\/p>\n\n\n\n<p class=\"has-text-align-center\">Od wielu lat w pa\u017adzierniku obchodzimy Mi\u0119dzynarodowy Miesi\u0105c Bibliotek Szkolnych. To dobra okazja do pokazania potencja\u0142u biblioteki, jej dorobku, pozycji w oczach uczni\u00f3w&nbsp;<br>i rodzic\u00f3w, a tak\u017ce do zorganizowania r\u00f3\u017cnego rodzaju aktywno\u015bci. W&nbsp;ramach obchod\u00f3w tego \u015bwi\u0119ta na&nbsp;terenie naszej szko\u0142y odbywa si\u0119 szereg dzia\u0142a\u0144, m. in. konkurs na&nbsp;recenzj\u0119 ulubionej ksi\u0105\u017cki, konkurs czytelniczo-literacki dotycz\u0105cy znajomo\u015bci \u201eLalki\u201d Boles\u0142awa Prusa, turniej \u201epojedynek ksi\u0105\u017cek\u201d oraz akcja \u201ePodaruj drugie \u017cycie ksi\u0105\u017cce\u201d.<\/p>\n\n\n\n<p class=\"has-text-align-center\"><strong>Narodowe czytanie<\/strong><\/p>\n\n\n<div class=\"wp-block-image\">\n<figure class=\"aligncenter size-large is-resized\"><img loading=\"lazy\" decoding=\"async\" width=\"1024\" height=\"768\" src=\"https:\/\/lukasinski.dg.pl\/wp-content\/uploads\/2023\/12\/MicrosoftTeams-image-397-1-1024x768.jpg\" alt=\"\" class=\"wp-image-567\" style=\"width:198px;height:auto\" srcset=\"https:\/\/lukasinski.dg.pl\/wp-content\/uploads\/2023\/12\/MicrosoftTeams-image-397-1-1024x768.jpg 1024w, https:\/\/lukasinski.dg.pl\/wp-content\/uploads\/2023\/12\/MicrosoftTeams-image-397-1-300x225.jpg 300w, https:\/\/lukasinski.dg.pl\/wp-content\/uploads\/2023\/12\/MicrosoftTeams-image-397-1-768x576.jpg 768w, https:\/\/lukasinski.dg.pl\/wp-content\/uploads\/2023\/12\/MicrosoftTeams-image-397-1.jpg 1204w\" sizes=\"auto, (max-width: 1024px) 100vw, 1024px\" \/><\/figure>\n<\/div>\n\n\n<p class=\"has-text-align-center\">11 wrze\u015bnia br. po raz kolejny szkolna spo\u0142eczno\u015b\u0107 \u0141ukasiaka w\u0142\u0105czy\u0142a si\u0119 w og\u00f3lnopolsk\u0105 akcj\u0119 Narodowego Czytania. To ju\u017c 12. edycja kampanii popularyzuj\u0105cej dzie\u0142a literatury polskiej, organizowanej pod honorowym patronatem Pary Prezydenckiej. W szkolnym ogrodzie, w promieniach wrze\u015bniowego s\u0142o\u0144ca mogli\u015bmy wys\u0142ucha\u0107 fragment\u00f3w powie\u015bci \u201eNad Niemnem\u201d w wykonaniu uczni\u00f3w klas IIa, IId oraz IIf. Poznali\u015bmy losy Korczy\u0144skich oraz Bohatyrowicz\u00f3w, pos\u0142uchali\u015bmy ich rozm\u00f3w o Polsce, odkryli\u015bmy atmosfer\u0119 XIX-wiecznych dwork\u00f3w ziemia\u0144skich oraz bogactwo nadnieme\u0144skiej przyrody. Powie\u015b\u0107 Elizy Orzeszkowej to niew\u0105tpliwie jeden z&nbsp; najwa\u017cniejszych utwor\u00f3w literatury polskiej podejmuj\u0105cy tematyk\u0119 powstania styczniowego, kt\u00f3rego 160\u2013lecie obchodzone jest w 2023 roku.<\/p>\n\n\n\n<p class=\"has-text-align-center\">&nbsp;<\/p>\n","protected":false},"excerpt":{"rendered":"<p>Spotkania autorskie w naszej&nbsp; szkole sta\u0142y si\u0119 ju\u017c tradycj\u0105. Jest to cykl spotka\u0144 z pisarzami, poetami, malarzami, lud\u017ami kultury naszego miasta i regionu. Spotkania autorskie&hellip;<\/p>\n","protected":false},"author":1,"featured_media":0,"parent":0,"menu_order":0,"comment_status":"closed","ping_status":"closed","template":"","meta":{"footnotes":""},"class_list":["post-563","page","type-page","status-publish","hentry"],"_links":{"self":[{"href":"https:\/\/lukasinski.dg.pl\/index.php?rest_route=\/wp\/v2\/pages\/563","targetHints":{"allow":["GET"]}}],"collection":[{"href":"https:\/\/lukasinski.dg.pl\/index.php?rest_route=\/wp\/v2\/pages"}],"about":[{"href":"https:\/\/lukasinski.dg.pl\/index.php?rest_route=\/wp\/v2\/types\/page"}],"author":[{"embeddable":true,"href":"https:\/\/lukasinski.dg.pl\/index.php?rest_route=\/wp\/v2\/users\/1"}],"replies":[{"embeddable":true,"href":"https:\/\/lukasinski.dg.pl\/index.php?rest_route=%2Fwp%2Fv2%2Fcomments&post=563"}],"version-history":[{"count":4,"href":"https:\/\/lukasinski.dg.pl\/index.php?rest_route=\/wp\/v2\/pages\/563\/revisions"}],"predecessor-version":[{"id":592,"href":"https:\/\/lukasinski.dg.pl\/index.php?rest_route=\/wp\/v2\/pages\/563\/revisions\/592"}],"wp:attachment":[{"href":"https:\/\/lukasinski.dg.pl\/index.php?rest_route=%2Fwp%2Fv2%2Fmedia&parent=563"}],"curies":[{"name":"wp","href":"https:\/\/api.w.org\/{rel}","templated":true}]}}