{"id":569,"date":"2023-12-21T15:59:29","date_gmt":"2023-12-21T14:59:29","guid":{"rendered":"https:\/\/lukasinski.dg.pl\/?page_id=569"},"modified":"2024-01-04T09:08:57","modified_gmt":"2024-01-04T08:08:57","slug":"nad-niemnem-od-prezydenta","status":"publish","type":"page","link":"https:\/\/lukasinski.dg.pl\/?page_id=569","title":{"rendered":"Aktualne wydarzenia"},"content":{"rendered":"<div class=\"wp-block-image\">\n<figure class=\"aligncenter size-full is-resized\"><img loading=\"lazy\" decoding=\"async\" width=\"414\" height=\"590\" src=\"http:\/\/lukasinski.dg.pl\/wp-content\/uploads\/2023\/11\/Nad-niemnem.png\" alt=\"\" class=\"wp-image-477\" style=\"width:180px;height:auto\" srcset=\"https:\/\/lukasinski.dg.pl\/wp-content\/uploads\/2023\/11\/Nad-niemnem.png 414w, https:\/\/lukasinski.dg.pl\/wp-content\/uploads\/2023\/11\/Nad-niemnem-211x300.png 211w\" sizes=\"auto, (max-width: 414px) 100vw, 414px\" \/><\/figure>\n<\/div>\n\n\n<p>Nasza szko\u0142a otrzyma\u0142a od Prezydenta Rzeczpospolitej Polskiej list oraz okoliczno\u015bciowy egzemplarz powie\u015bci E. Orzeszkowej \u201eNad Niemnem\u201d za wzi\u0119cie udzia\u0142u w Narodowym Czytaniu.<\/p>\n","protected":false},"excerpt":{"rendered":"<p>Nasza szko\u0142a otrzyma\u0142a od Prezydenta Rzeczpospolitej Polskiej list oraz okoliczno\u015bciowy egzemplarz powie\u015bci E. Orzeszkowej \u201eNad Niemnem\u201d za wzi\u0119cie udzia\u0142u w Narodowym Czytaniu.<\/p>\n","protected":false},"author":1,"featured_media":0,"parent":0,"menu_order":0,"comment_status":"closed","ping_status":"closed","template":"","meta":{"footnotes":""},"class_list":["post-569","page","type-page","status-publish","hentry"],"_links":{"self":[{"href":"https:\/\/lukasinski.dg.pl\/index.php?rest_route=\/wp\/v2\/pages\/569","targetHints":{"allow":["GET"]}}],"collection":[{"href":"https:\/\/lukasinski.dg.pl\/index.php?rest_route=\/wp\/v2\/pages"}],"about":[{"href":"https:\/\/lukasinski.dg.pl\/index.php?rest_route=\/wp\/v2\/types\/page"}],"author":[{"embeddable":true,"href":"https:\/\/lukasinski.dg.pl\/index.php?rest_route=\/wp\/v2\/users\/1"}],"replies":[{"embeddable":true,"href":"https:\/\/lukasinski.dg.pl\/index.php?rest_route=%2Fwp%2Fv2%2Fcomments&post=569"}],"version-history":[{"count":2,"href":"https:\/\/lukasinski.dg.pl\/index.php?rest_route=\/wp\/v2\/pages\/569\/revisions"}],"predecessor-version":[{"id":593,"href":"https:\/\/lukasinski.dg.pl\/index.php?rest_route=\/wp\/v2\/pages\/569\/revisions\/593"}],"wp:attachment":[{"href":"https:\/\/lukasinski.dg.pl\/index.php?rest_route=%2Fwp%2Fv2%2Fmedia&parent=569"}],"curies":[{"name":"wp","href":"https:\/\/api.w.org\/{rel}","templated":true}]}}